ulate the remainder when k(-23) is divided by 99.
98
Suppose -3*f + 3 = 2*g - 2*f, 0 = -g - 3*f - 6. Suppose -3*q - 5*t = -442, 2*q = g*t - 0*t + 282. Calculate the remainder when q is divided by 21.
18
Suppose -129 + 9 = -5*q. Let j = q - 3. Let s(w) = 3*w**2 - 140*w - 2812. Calculate the remainder when s(62) is divided by j.
19
Let o(c) = -10*c - 43 + 27 + 25 + 3*c**2 + 12. Calculate the remainder when 23 is divided by o(2).
10
Suppose -4*b = 168 - 232. What is the remainder when 20 is divided by b?
4
Let p = 357 + -357. What is the remainder when (-18)/(-3) - (p - 137) is divided by 67?
9
Suppose -q = -5*l + 18, 11*q - 222 = 3*l - 8*l. Calculate the remainder when 1256 is divided by q.
15
Let d(f) = f. Let r be d(2). Let p be r + -1 + (-4)/2. Calculate the remainder when (-2)/9 - (-3605)/(-63)*p is divided by 31.
26
Let t(l) be the first derivative of 33*l**3 - l**2/2 + 2*l + 277. Let o(n) = n + 7. Let c be o(-6). Calculate the remainder when t(c) is divided by 26.
22
Suppose 34*l = 3 + 303. Calculate the remainder when 508 is divided by l.
4
Let u(c) = 2*c**3 - 7*c**2 + 16*c + 78. Let x be u(-5). Let l = x + 482. What is the remainder when 219 is divided by l?
54
Suppose -7*c + 38 = -4. Let v(w) = w**3 - 7*w**2 + 19*w - 17. What is the remainder when v(c) is divided by 30?
1
Suppose -52*w - 217*w + 26631 = 0. What is the remainder when w is divided by 52?
47
Let t(d) be the third derivative of -d**6/120 + d**5/10 + d**4/3 + 2*d**3/3 - 106*d**2. Calculate the remainder when 281 is divided by t(7).
6
Let u be -118*(-2)/(8/(-2)). Let l = 88 + u. Let q(b) = b**3 - 8*b**2 + 5*b + 58. What is the remainder when l is divided by q(6)?
13
What is the remainder when 5465/8 + 10*(-4)/320 is divided by 7?
4
Let v = -108 - -185. Let a be -37 + (-2)/2 + 0/30. Let d = v + a. Calculate the remainder when d is divided by 21.
18
Let u be 4 + 3/(-4)*-4. Let g(a) = -a**2 + 10*a - 16. Let m be g(u). Suppose -4*l + 73 = -y, m*l - y - 75 = -3*y. What is the remainder when 67 is divided by l?
16
Calculate the remainder when 3*(9 + (11242/21)/11) is divided by 36.
29
Calculate the remainder when ((-1634)/4)/((-33)/(-120) + 15/(-40)) is divided by 6.
5
Let u = -6445 + 10402. What is the remainder when u is divided by 90?
87
Let s(q) = -170*q**3 - 10*q**2 - 5*q + 4. What is the remainder when s(-1) is divided by 148?
21
Let s(z) = 37*z - 31. Let j(p) = -12*p + 10. Let w(o) = 7*j(o) + 2*s(o). What is the remainder when w(-6) is divided by 10?
8
Suppose -2*g - 164 - 8276 = -4*c, 2*c = -2*g + 4232. What is the remainder when c is divided by 117?
6
Suppose -139*h = -475*h + 29821 + 988931. What is the remainder when h is divided by 234?
224
Let d = -5539 - -5711. Calculate the remainder when 1372 is divided by d.
168
Suppose 4*h + 6*d - 491 = -49, -9 = -3*d. What is the remainder when h is divided by 78?
28
Suppose -494 + 974 = 20*b. Let t(g) = -g**3 + 12*g**2 - 9*g + 2. What is the remainder when t(6) is divided by b?
20
Let c(q) = 3*q + 7. Let w be c(6). Suppose -5*b + w = -2*y, -5*y = 2*b - b - 5. Suppose b*l - 441 = 9. What is the remainder when l is divided by 46?
44
Let y(h) = 8*h - 36. Let d be 0 + 0 - 0/((-3)/(-3)). Suppose d = -26*i + 27*i - 27. Calculate the remainder when y(11) is divided by i.
25
Let t(p) = -p**2 + 22*p - 27. Let s = -444 + 464. What is the remainder when (-11*2)/((-4)/14) is divided by t(s)?
12
Suppose 2*q - 1391 = i, 2*i - 2090 = -6*q + 3*q. Suppose -o = 5*o - q. What is the remainder when o is divided by 10?
6
Let j(v) = 56*v - 930. What is the remainder when j(24) is divided by 104?
102
Suppose -265 = -5*a - 27*f + 31*f, 4*a - 243 = -3*f. What is the remainder when 240 is divided by a?
12
Let n be ((-85)/68)/(2 + 15/(-8)). Let o be (n/(-4))/(2358/588 + -4). Suppose -o*d = -244*d - 19. Calculate the remainder when d is divided by 5.
4
Let j(v) = v**3 + 8*v**2 - 9*v + 7. Let h be j(-9). Suppose 0 = -h*i + 5*i - 8. Calculate the remainder when 100 is divided by 2 + 8 + i + 15.
16
Let t be 9/((-12)/4) - (2 + -10). Suppose -4*b - 3*i = -0*i - 88, -4*b + t*i + 88 = 0. What is the remainder when (-4)/14*-1 + 2960/28 is divided by b?
18
Suppose -956 = -20*q + 424. Calculate the remainder when 99 is divided by q.
30
Suppose -4*z = 2*b - 72, -z + 0 = -2. Suppose 0*q + 4*j = -q + b, q - 4*j - 8 = 0. Calculate the remainder when q is divided by (-825)/(-75) + 0 + 0.
9
Let a be (-5)/(-2)*(-16)/(-10). Suppose n - a = 2. Suppose -21*l - 17 = -563. Calculate the remainder when l is divided by n.
2
Suppose -35*y + 13*y + 2904 = 0. Suppose 4*s = -4*p + y, -4*s = -0*p + 5*p - 165. What is the remainder when p is divided by 13?
7
Suppose 8*b - 1 = 7. Suppose 99 = 4*r - b. Let u = 39 - 26. Calculate the remainder when r is divided by u.
12
Calculate the remainder when (3/(66/(-77)))/((-5)/810 + 0) is divided by 51.
6
Suppose 0 = 2*p - 4*y - 537 - 611, 5*y = -p + 567. Calculate the remainder when p is divided by 257.
58
Let o be ((-8)/(-44) - (-8388)/(-33))/2. Let d = o + 197. Let l = d - 57. Calculate the remainder when 25 is divided by l.
12
Suppose 4*r = -7*r + 77. Let t(k) = -8*k**2 + k + 4. Let h(g) = 7*g**2 - g - 3. Let q(f) = r*h(f) + 6*t(f). What is the remainder when 43 is divided by q(4)?
13
Let d = 7736 - 7570. What is the remainder when 22572 is divided by d?
162
Suppose 20 = -5*h, q - 21*h + 17*h = 458. Calculate the remainder when q is divided by 137.
31
Let q be 8/(-28) + (-11164)/28. Let k = -304 - q. Calculate the remainder when k is divided by 49.
46
Let c = -188 - -199. Suppose 51*k - 42*k - 1080 = 0. Calculate the remainder when k is divided by c.
10
Suppose 0 = 218*m - 214*m + 24, -6*m = 5*x - 119. What is the remainder when 2013 is divided by x?
29
Suppose 5*y - 1149 - 221 = 4*k, -2*y = -3*k - 548. Calculate the remainder when y is divided by 28.
22
Suppose -49044*r = -49047*r - o + 321, 4*o - 542 = -5*r. Let j = 13 + 7. Calculate the remainder when r is divided by j.
6
Suppose -3*f = -2*f - 3*t + 51, 0 = -f - 5*t - 27. Let v(s) = 65*s**2 - 26*s + 9. Let u be v(1). Let k = f + u. What is the remainder when 29 is divided by k?
5
Let r(o) = -o**2 + 25. Let z be r(-5). Calculate the remainder when 17 is divided by -2 - -7 - -1 - z.
5
Let o(y) = 10*y - 4. Let l be o(6). Let m = l + -27. Let d(r) = 2164*r - 6486. Calculate the remainder when m is divided by d(3).
5
What is the remainder when 352 is divided by (-20385)/(-1215) + (-2)/(-9)?
12
Suppose 7 - 3 = f. Suppose 0 = f*u - 3*v + 239, 0*v = -3*u + v - 183. Let w = u + 66. Calculate the remainder when w is divided by 4.
0
Let h(f) be the first derivative of -3*f + 1/4*f**4 - 7*f**2 + 25 - 14/3*f**3. Calculate the remainder when 31 is divided by h(15).
7
Suppose 11 - 86 = -5*v. Let q be 4/(-1)*(-23)/(-46). Calculate the remainder when (q/3)/(4 + 1756/(-438)) is divided by v.
13
Let p be (933/3)/(2/4*-2). Let u = 330 + p. What is the remainder when 45 is divided by u?
7
Suppose 128*z = -4*g + 124*z + 7604, -4*z = -20. Calculate the remainder when g is divided by 9.
6
Suppose -5*a + 333 = -1827. Suppose 0 = 21*j - 27*j + a. Calculate the remainder when j is divided by 15.
12
Suppose 4*s = 743 + 897. Suppose -4*l - s = 5*t, -l + 7*t = 3*t + 92. What is the remainder when 97 is divided by (1 - 2)/(4/l)?
22
Let s(w) = w**2 + 60*w + 842. Calculate the remainder when 895 is divided by s(-40).
13
Let o(b) = b**3 + 52*b**2 + 101*b - 100. Let c be o(-50). Let s = c - -163. Calculate the remainder when 207 is divided by s.
12
Calculate the remainder when 109 is divided by (138/(-30) + 4)/((-3)/195).
31
Calculate the remainder when (38/(-95))/((-2)/1260) is divided by 35.
7
Let q = 254 + -251. Suppose 4*n - q*a - 41 = 0, -23 - 43 = -4*n - 2*a. Let g(p) = 7*p**2 - 2*p. Calculate the remainder when g(2) is divided by n.
10
Suppose 12 = 4*c + 2*p, -p = -1 - 1. Let q(l) = 251*l**2 - 85*l**2 - 161*l**2 - l + 2. What is the remainder when q(c) is divided by 12?
8
Let u(t) = -t**2 - 15*t - 35. Let i be u(-10). Suppose -4*c + i*c - 1914 = 0. Let p = -128 + c. What is the remainder when 182 is divided by p?
44
Let r(c) = -c**3 - 16*c**2 - 45*c - 9. Calculate the remainder when r(-13) is divided by 5 + (-3)/(-5) + (-1054)/(-85).
15
Suppose 91*c = 101*c. Suppose 3*p + 5*x - 437 = c, 2*x = -2*x + 16. Calculat